{"id":74,"date":"2025-07-04T05:54:42","date_gmt":"2025-07-04T05:54:42","guid":{"rendered":"http:\/\/xn--anne-e-thrapeute-jqb.fr\/?page_id=74"},"modified":"2025-07-11T10:25:31","modified_gmt":"2025-07-11T10:25:31","slug":"soins-energetique","status":"publish","type":"page","link":"https:\/\/xn--anne-e-thrapeute-jqb.fr\/?page_id=74","title":{"rendered":"Soins Energ\u00e9tiques"},"content":{"rendered":"\n<h2 class=\"wp-block-heading\"><\/h2>\n\n\n\n<figure class=\"wp-block-gallery has-nested-images columns-default is-cropped wp-block-gallery-1 is-layout-flex wp-block-gallery-is-layout-flex\"><\/figure>\n\n\n\n<p><strong>D\u00e9roulement d&rsquo;une s\u00e9ance<\/strong><\/p>\n\n\n\n<p class=\"has-text-align-center\">Vous \u00eates invit\u00e9 en d\u00e9but de s\u00e9ance \u00e0 vous exprimer sur vos inqui\u00e9tudes et vos attentes lors d&rsquo;un petit entretien visant \u00e0 poser le cadre de votre prise en charge.<\/p>\n\n\n\n<p class=\"has-text-align-center\">&nbsp;&nbsp; Puis vous vous allongez habill\u00e9 ,sans chaussures sur une table de massage confortable; vous fermez les yeux et vous vous laissez aller sans rien faire berc\u00e9 par une douce musique.<\/p>\n\n\n\n<figure class=\"wp-block-image size-large\"><img loading=\"lazy\" decoding=\"async\" width=\"1024\" height=\"576\" src=\"https:\/\/xn--anne-e-thrapeute-jqb.fr\/wp-content\/uploads\/2025\/07\/WhatsApp-Image-2025-07-01-a-14.34.56_e57cfebe-1024x576.jpg\" alt=\"\" class=\"wp-image-105\" srcset=\"https:\/\/xn--anne-e-thrapeute-jqb.fr\/wp-content\/uploads\/2025\/07\/WhatsApp-Image-2025-07-01-a-14.34.56_e57cfebe-1024x576.jpg 1024w, https:\/\/xn--anne-e-thrapeute-jqb.fr\/wp-content\/uploads\/2025\/07\/WhatsApp-Image-2025-07-01-a-14.34.56_e57cfebe-300x169.jpg 300w, https:\/\/xn--anne-e-thrapeute-jqb.fr\/wp-content\/uploads\/2025\/07\/WhatsApp-Image-2025-07-01-a-14.34.56_e57cfebe-768x432.jpg 768w, https:\/\/xn--anne-e-thrapeute-jqb.fr\/wp-content\/uploads\/2025\/07\/WhatsApp-Image-2025-07-01-a-14.34.56_e57cfebe-1536x864.jpg 1536w, https:\/\/xn--anne-e-thrapeute-jqb.fr\/wp-content\/uploads\/2025\/07\/WhatsApp-Image-2025-07-01-a-14.34.56_e57cfebe.jpg 1920w\" sizes=\"auto, (max-width: 767px) 89vw, (max-width: 1000px) 54vw, (max-width: 1071px) 543px, 580px\" \/><\/figure>\n\n\n\n<p class=\"has-text-align-center\">&nbsp;&nbsp; Pendant ce temps l\u00e0 , je parcours d&rsquo;un toucher l\u00e9ger avec mes mains tout votre corps sur des points bien pr\u00e9cis selon le circuit \u00e9nerg\u00e9tique ;la m\u00e9ditation associ\u00e9e selon votre mal \u00eatre exprim\u00e9 ,vous permet de vous reconnecter \u00e0 vous m\u00eame en laissant l&rsquo;\u00e9nergie faire son travail en profondeur.<\/p>\n\n\n\n<p class=\"has-text-align-center\">J&rsquo;associe au soin une dimension spirituelle par l&rsquo;accompagnement de l&rsquo;\u00e9nergie universelle qui nous entoure tous.<\/p>\n\n\n\n<p class=\"has-text-align-center\">&nbsp;&nbsp; A la fin de la s\u00e9ance, vous pouvez vous exprimer sur vos ressentis et d\u00e9j\u00e0 sentir une grande d\u00e9tente int\u00e9rieure. Au fur et \u00e0 mesure du temps vous pourrez observer un changement en vous et autour de vous dans votre vie de tous les jours  !<\/p>\n\n\n\n<p class=\"has-text-align-center\">Il peut survenir \u00e0 la fin de la s\u00e9ance ou&nbsp; quelques heures apr\u00e8s des r\u00e9activit\u00e9s qui s&rsquo;estompent rapidement ; c&rsquo;est le signe que le corps se lib\u00e8re des \u00e9nergies contrari\u00e9es et que le processus de gu\u00e9rison est enclench\u00e9.<\/p>\n\n\n\n<p>&nbsp; &nbsp; &nbsp; &nbsp; <strong> La pratique du soin \u00e9nerg\u00e9tique ne remplace pas une prise en charge m\u00e9dicale.<\/strong><\/p>\n\n\n\n<p><\/p>\n\n\n\n<p><strong>Domaine d&rsquo;intervention<\/strong><\/p>\n\n\n\n<ul class=\"wp-block-list\">\n<li>r\u00e9gulateur naturel<\/li>\n\n\n\n<li>soin pr\u00e9ventif de bien-\u00eatre, de d\u00e9tente ,de relaxation corps\/esprit\/\u00e9nergie<\/li>\n\n\n\n<li>harmonisation \u00e9nerg\u00e9tique et soulagement des tensions \u00e9motionnelles<\/li>\n\n\n\n<li>stress<\/li>\n\n\n\n<li>fatigue anormale<\/li>\n\n\n\n<li>anxi\u00e9t\u00e9 chronique,angoisse<\/li>\n\n\n\n<li>douleur physique<\/li>\n\n\n\n<li>trouble du sommeil, insomnie<\/li>\n\n\n\n<li>accompagnement de maladies graves(en accord avec le corps m\u00e9dical)<\/li>\n\n\n\n<li>fin de vie<\/li>\n\n\n\n<li><strong>RECONNEXION A SOI<\/strong><\/li>\n<\/ul>\n\n\n\n<p><strong>Pour QUI <\/strong>:<\/p>\n\n\n\n<ul class=\"wp-block-list\">\n<li>les adultes<\/li>\n\n\n\n<li>Les personnes \u00e2g\u00e9es<\/li>\n\n\n\n<li>les enfants \u00e0 partir de 7 ans (accompagn\u00e9s d&rsquo;un parent)<\/li>\n\n\n\n<li>les animaux<\/li>\n\n\n\n<li>les soins peuvent se pratiquer \u00e0 distance&nbsp;! Pour ce faire un entretien t\u00e9l\u00e9phonique est n\u00e9cessaire afin de vous expliquer les modalit\u00e9s .<\/li>\n<\/ul>\n\n\n\n<p><\/p>\n\n\n\n<p class=\"has-text-align-center\">Pour toute autre demande veuillez me contacter (06 30 73 62 12)<\/p>\n\n\n\n<p class=\"has-text-align-center\"><strong>SOIN AU TAMBOUR CHAMANIQUE<\/strong><\/p>\n\n\n\n<p class=\"has-text-align-center\">Ce soin est puissant&nbsp;, il apporte des bienfaits sur le plan corporel, \u00e9motionnel, psychique et spirituel.<\/p>\n\n\n\n<p class=\"has-text-align-center\">les sons binauraux du tambour agissent sur l&rsquo;humeur, le moral et le bien \u00eatre corporel en travaillant&nbsp; sur les tensions corporelles et psychiques !<\/p>\n\n\n\n<p class=\"has-text-align-center\">C&rsquo;est un soin qui rentre dans le cadre de la sonoth\u00e9rapie et de la musicoth\u00e9rapie, pratiques permettant l&rsquo;ancrage, la concentration et le l\u00e2cher prise !<\/p>\n\n\n\n<figure class=\"wp-block-image size-large\"><img loading=\"lazy\" decoding=\"async\" width=\"1024\" height=\"683\" src=\"https:\/\/xn--anne-e-thrapeute-jqb.fr\/wp-content\/uploads\/2025\/07\/thumbnail_IMG_20250620_153043-1024x683.jpg\" alt=\"\" class=\"wp-image-43\" srcset=\"https:\/\/xn--anne-e-thrapeute-jqb.fr\/wp-content\/uploads\/2025\/07\/thumbnail_IMG_20250620_153043-1024x683.jpg 1024w, https:\/\/xn--anne-e-thrapeute-jqb.fr\/wp-content\/uploads\/2025\/07\/thumbnail_IMG_20250620_153043-300x200.jpg 300w, https:\/\/xn--anne-e-thrapeute-jqb.fr\/wp-content\/uploads\/2025\/07\/thumbnail_IMG_20250620_153043-768x512.jpg 768w, https:\/\/xn--anne-e-thrapeute-jqb.fr\/wp-content\/uploads\/2025\/07\/thumbnail_IMG_20250620_153043-1536x1025.jpg 1536w, https:\/\/xn--anne-e-thrapeute-jqb.fr\/wp-content\/uploads\/2025\/07\/thumbnail_IMG_20250620_153043.jpg 1599w\" sizes=\"auto, (max-width: 767px) 89vw, (max-width: 1000px) 54vw, (max-width: 1071px) 543px, 580px\" \/><\/figure>\n\n\n\n<p><strong>SOINS et TARIFS PROPOSES :<\/strong><\/p>\n\n\n\n<ul class=\"wp-block-list\">\n<li>s\u00e9ance  adulte 1H15 :&nbsp; 50 euros<\/li>\n\n\n\n<li>s\u00e9ance  enfant 45mn :&nbsp; &nbsp;35 euros<\/li>\n\n\n\n<li>soin tambour chamanique 40mn : 50 euros<\/li>\n\n\n\n<li>soin aux animaux : 30 euros<\/li>\n<\/ul>\n\n\n\n<p class=\"has-text-align-center\">Comme toute prise en charge , il est conseill\u00e9 de b\u00e9n\u00e9ficier de 4 \u00e0 5 s\u00e9ances \u00e0 la suite selon le protocole de suivi afin d&rsquo;atteindre les objectifs.&nbsp;&nbsp;&nbsp;&nbsp;&nbsp;&nbsp;&nbsp;<\/p>\n\n\n\n<p class=\"has-text-align-center\">Cependant,vous \u00eates libre de choisir votre rythme votre corps est votre&nbsp;TEMPLE, lui seul sait ce dont il&nbsp; a besoin ;&nbsp;\u00c9COUTEZ LE !<\/p>\n\n\n\n<p class=\"has-text-align-center\"><strong>CARTE CADEAU<\/strong><\/p>\n\n\n\n<p class=\"has-text-align-center\">&nbsp; Pensez \u00e0 offrir \u00e0 vos proches&nbsp;un soin de relaxation&nbsp;ou&nbsp;une guidance&nbsp;ou&nbsp;un soin au tambour&nbsp;&nbsp;! il est doux de s&rsquo;occuper de soi ,de s&rsquo;accorder une pause d\u00e9tente ,un soin de gu\u00e9rison !<\/p>\n\n\n\n<p class=\"has-text-align-center\">&nbsp;&nbsp;&nbsp;&nbsp; Pour cela , veuillez me contacter sur votre choix et je vous expliquerai les modalit\u00e9s d&rsquo;envoi de votre carte cadeau au destinataire choisi !<\/p>\n\n\n\n<p class=\"has-text-align-center\">&nbsp;&nbsp;&nbsp;&nbsp;&nbsp;&nbsp;&nbsp;&nbsp;&nbsp;&nbsp;&nbsp;&nbsp;&nbsp;&nbsp;&nbsp; A Choisir !<\/p>\n\n\n\n<ul class=\"wp-block-list\">\n<li>soin r\u00e9\u00e9quilibrage \u00e9nerg\u00e9tique<\/li>\n\n\n\n<li>guidance spirituelle<\/li>\n\n\n\n<li>soin au tambour chamanique<\/li>\n<\/ul>\n\n\n\n<figure class=\"wp-block-gallery has-nested-images columns-default is-cropped wp-block-gallery-2 is-layout-flex wp-block-gallery-is-layout-flex\"><\/figure>\n","protected":false},"excerpt":{"rendered":"<p>D\u00e9roulement d&rsquo;une s\u00e9ance Vous \u00eates invit\u00e9 en d\u00e9but de s\u00e9ance \u00e0 vous exprimer sur vos inqui\u00e9tudes et vos attentes lors d&rsquo;un petit entretien visant \u00e0 poser le cadre de votre prise en charge. &nbsp;&nbsp; Puis vous vous allongez habill\u00e9 ,sans chaussures sur une table de massage confortable; vous fermez les yeux et vous vous laissez &hellip; <\/p>\n<p class=\"link-more\"><a href=\"https:\/\/xn--anne-e-thrapeute-jqb.fr\/?page_id=74\" class=\"more-link\">Continuer la lecture<span class=\"screen-reader-text\"> de &laquo;&nbsp;Soins Energ\u00e9tiques&nbsp;&raquo;<\/span><\/a><\/p>\n","protected":false},"author":1,"featured_media":0,"parent":0,"menu_order":0,"comment_status":"closed","ping_status":"closed","template":"","meta":{"footnotes":""},"class_list":["post-74","page","type-page","status-publish","hentry"],"_links":{"self":[{"href":"https:\/\/xn--anne-e-thrapeute-jqb.fr\/index.php?rest_route=\/wp\/v2\/pages\/74","targetHints":{"allow":["GET"]}}],"collection":[{"href":"https:\/\/xn--anne-e-thrapeute-jqb.fr\/index.php?rest_route=\/wp\/v2\/pages"}],"about":[{"href":"https:\/\/xn--anne-e-thrapeute-jqb.fr\/index.php?rest_route=\/wp\/v2\/types\/page"}],"author":[{"embeddable":true,"href":"https:\/\/xn--anne-e-thrapeute-jqb.fr\/index.php?rest_route=\/wp\/v2\/users\/1"}],"replies":[{"embeddable":true,"href":"https:\/\/xn--anne-e-thrapeute-jqb.fr\/index.php?rest_route=%2Fwp%2Fv2%2Fcomments&post=74"}],"version-history":[{"count":9,"href":"https:\/\/xn--anne-e-thrapeute-jqb.fr\/index.php?rest_route=\/wp\/v2\/pages\/74\/revisions"}],"predecessor-version":[{"id":194,"href":"https:\/\/xn--anne-e-thrapeute-jqb.fr\/index.php?rest_route=\/wp\/v2\/pages\/74\/revisions\/194"}],"wp:attachment":[{"href":"https:\/\/xn--anne-e-thrapeute-jqb.fr\/index.php?rest_route=%2Fwp%2Fv2%2Fmedia&parent=74"}],"curies":[{"name":"wp","href":"https:\/\/api.w.org\/{rel}","templated":true}]}}